= 47*x**3 - 1932*x**2 + 301*x - 3930. What is n(41)?
6
Let q(p) = -64*p**2 + 245*p - 27. What is q(5)?
-402
Let o(r) = -2369*r - 260612. Calculate o(-110).
-22
Let c(i) = -4340*i + 20386. Determine c(5).
-1314
Let r(p) = -10*p**2 + 4696*p - 18776. What is r(4)?
-152
Let m(q) = q**3 - 6*q**2 - 370*q - 2169. Give m(-11).
-156
Let m(d) = -565*d + 8025. What is m(14)?
115
Let h(s) = 2636*s - 93209. What is h(37)?
4323
Let h(o) = 2*o**3 - 16*o**2 - 12*o + 114. Give h(13).
1648
Let p(z) = 538*z + 20988. Calculate p(-40).
-532
Let w(i) = -i**2 - 6530*i + 322446. What is w(49)?
75
Let r(u) = u**2 - 72*u - 2464. Determine r(105).
1001
Let p(t) = -t**3 - 7*t**2 + 146*t - 1015. What is p(10)?
-1255
Let l(d) = 736*d + 78102. Determine l(-106).
86
Let m(r) = -889*r + 36905. Determine m(42).
-433
Let z(s) = -33*s + 6093. Calculate z(184).
21
Let u(h) = h**2 + 185*h + 7807. What is u(-46)?
1413
Let w(f) = 376*f**2 - 253047*f - 685. What is w(673)?
-12
Let x(g) = 26566*g - 398470. Calculate x(15).
20
Let u(n) = -2*n**3 - 24*n**2 - 189*n - 501. What is u(-4)?
-1
Let g(d) = d**3 + 15618*d**2 + 46861*d + 12. Determine g(-3).
-36
Let s(m) = -15812*m + 142246. Determine s(9).
-62
Let i(l) = -l**2 - 10167*l + 40680. Calculate i(4).
-4
Let f(t) = -97*t**2 - 14938*t + 9. Determine f(-154).
9
Let h(s) = -486*s - 68861. Calculate h(-144).
1123
Let a(z) = -4*z**2 + 64*z + 1160. Give a(-15).
-700
Let a(p) = 7*p**2 + 449*p - 1. Calculate a(4).
1907
Let h(n) = 89*n**3 + 18*n**2 + 14*n - 32. Calculate h(1).
89
Let d(a) = -3377*a**2 - 16905*a - 11. Determine d(-5).
89
Let m(v) = -1988*v - 397727. What is m(-200)?
-127
Let b(m) = 24176*m + 193474. Calculate b(-8).
66
Let h(x) = -5*x**2 - 95*x + 871. Calculate h(8).
-209
Let c(h) = -81*h - 8628. Calculate c(-112).
444
Let h(a) = -14*a**2 + 748*a - 725. Determine h(1).
9
Let u(s) = 42*s**2 + 4849*s - 2645. Give u(-116).
23
Let d(j) = 661308*j + 1322643. Give d(-2).
27
Let c(r) = 3*r**2 - 16*r - 1645. Give c(32).
915
Let g(x) = x**2 - 465*x + 53505. Give g(209).
1
Let x(r) = 206888*r + 827595. What is x(-4)?
43
Let q(n) = -n**3 - 24*n**2 + 1769*n + 6905. Calculate q(34).
3
Let h(v) = -v**3 + 90*v**2 - 277*v + 1550. Determine h(87).
158
Let a(y) = 581*y**2 + 7*y + 15. Calculate a(-2).
2325
Let b(f) = -14992*f - 134607. Give b(-9).
321
Let y(x) = 3277*x**2 + 357192*x - 140. What is y(-109)?
-31
Let s(k) = k**3 + 954*k**2 + 8502*k - 34. Determine s(-9).
-7
Let h(a) = a**3 + 97*a**2 + 283*a + 31. Calculate h(-3).
28
Let h(v) = -1856*v**2 - 296958*v + 300. Determine h(-160).
-20
Let b(k) = -68*k - 4426. Calculate b(-68).
198
Let h(k) = -4*k**2 + 1065*k - 4211. What is h(4)?
-15
Let v(z) = -z**3 - 61*z**2 + 221*z + 9762. Give v(-62).
-96
Let s(t) = -t**3 - 41*t**2 - 228*t + 4246. Determine s(-26).
34
Let j(q) = -q**2 + 1445*q + 654134. Calculate j(1807).
0
Let p(k) = -342*k**2 + 2701*k + 3395. Determine p(9).
2
Let b(v) = 4021*v - 20088. What is b(5)?
17
Let i(n) = 58685*n - 44013753. Determine i(750).
-3
Let n(b) = b**2 - 3159*b - 974103. Determine n(-283).
-17
Let t(f) = -9*f**2 + 789*f + 721. Give t(89).
-347
Let o(q) = -6*q**3 - 94*q**2 - 81*q - 62. Calculate o(-16).
1746
Let b(r) = -577*r + 43297. Calculate b(75).
22
Let i(a) = -6*a - 393. Calculate i(-1).
-387
Let i(p) = 2*p**2 + 249*p + 2072. Calculate i(-9).
-7
Let z(j) = -88179*j + 1410886. Determine z(16).
22
Let v(h) = 126*h**3 + 55*h**2 + 13*h + 6. What is v(-2)?
-808
Let r(i) = 70*i**2 + 29403*i + 1106. Calculate r(-420).
-154
Let q(g) = -g**2 + 225*g + 207. Determine q(13).
2963
Let u(v) = -8*v**3 - 27*v**2 - 10991*v - 21945. Give u(-2).
-7
Let l(g) = -1095*g - 48161. Give l(-44).
19
Let r(x) = -x**3 + 35*x**2 - 296*x + 61. What is r(19)?
213
Let a(w) = -w**3 - 39*w**2 - 257*w - 584. Determine a(-31).
-305
Let m(h) = -h**2 - 207*h - 8822. Determine m(-147).
-2
Let k(r) = -32*r**2 - 67*r + 48. Calculate k(-9).
-1941
Let y(x) = 17402*x - 278400. Give y(16).
32
Let h(y) = 2345*y + 7034. Determine h(-3).
-1
Let n(r) = -2*r**2 + 195*r + 12460. Calculate n(-44).
8
Let o(p) = -p**3 + 48*p**2 + 87*p - 3753. Determine o(48).
423
Let c(v) = 67*v**3 - 43218*v**2 + 1936*v - 648. Give c(645).
-3
Let l(x) = 4500*x**2 - 94494*x - 222. Give l(21).
-96
Let t(y) = 33*y**3 - 42109*y**2 + 1257*y + 24227. What is t(1276)?
-17
Let o(i) = -i**2 + 180*i - 5795. Determine o(70).
1905
Let u(i) = 2*i**3 - 297*i**2 + 3017*i + 51. What is u(11)?
-37
Let w(c) = -c**3 - 97*c**2 - 874*c - 77. What is w(-10)?
-37
Let u(m) = 68*m**2 - 43*m - 133. Calculate u(3).
350
Let w(o) = -o**3 + 154*o**2 - 2901*o + 286. Calculate w(22).
352
Let w(m) = 16*m**2 + 14*m + 202. Give w(-7).
888
Let h(t) = 3*t**2 + 536*t - 23438. Determine h(-215).
-3
Let c(x) = -x**3 + 148*x**2 + 248*x + 7806. Determine c(150).
6
Let z(o) = -2929*o + 3066558. Calculate z(1047).
-105
Let p(c) = -583*c + 90920. What is p(156)?
-28
Let u(q) = 7*q**2 + 418*q - 4542. Determine u(12).
1482
Let k(t) = -2*t**3 - 13*t**2 - 35*t - 528. What is k(-12)?
1476
Let h(u) = u**3 + 53*u**2 + 620*u + 2839. What is h(-39)?
-47
Let x(k) = -k**3 - 62*k**2 + 46*k + 2882. What is x(-62)?
30
Let m(b) = -881*b**3 - 97*b + 97. Calculate m(1).
-881
Let p(b) = -11640*b - 104759. Give p(-9).
1
Let l(a) = 293*a + 24295. Determine l(-83).
-24
Let k(i) = -958*i**2 + 156149*i + 836. Determine k(163).
21
Let r(p) = 524*p + 30304. What is r(-58)?
-88
Let l(y) = -361*y - 8629. Give l(-22).
-687
Let y(i) = -447*i - 1191. Give y(-5).
1044
Let a(m) = 16723*m - 5251036. Give a(314).
-14
Let a(z) = -2*z**3 + 87*z**2 + 185*z + 2071. Determine a(46).
1
Let x(u) = 188*u**3 + 2*u**2 + 299*u + 297. Determine x(-1).
-188
Let j(t) = -20*t**2 + 391*t + 213. Calculate j(20).
33
Let u(x) = -x**3 + 5*x**2 - 13057*x - 26146. Determine u(-2).
-4
Let y(k) = -5*k + 1951. Calculate y(355).
176
Let c(r) = -375*r**2 + 2246*r + 20. Determine c(6).
-4
Let n(u) = -3*u**3 + 5*u**2 - 105*u + 590. Determine n(6).
-508
Let r(l) = 5*l**3 + 2*l**2 - 119*l - 425. Determine r(-5).
-405
Let t(d) = -4*d**2 - 4595*d + 41619. Determine t(9).
-60
Let x(t) = t**3 - 182*t**2 + 1725*t - 832. Give x(172).
28
Let t(i) = -3*i**3 - 43*i**2 + 187*i + 4. Calculate t(-18).
202
Let n(l) = 6*l**2 + 2714*l + 114304. Give n(-47).
0
Let m(h) = 233*h + 5575. Calculate m(-20).
915
Let r(p) = -1829*p - 374936. What is r(-205)?
9
Let f(y) = -y**3 + 22*y**2 + 11*y - 102. Determine f(12).
1470
Let p(r) = -5760*r + 92172. Give p(16).
12
Let g(b) = 13792*b + 2055024. Determine g(-149).
16
Let r(h) = -3*h**2 + 1787*h + 876569. Calculate r(915).
-1
Let a(d) = -2*d**2 + 1251*d - 79958. What is a(72)?
-254
Let u(l) = -l**2 - 120718*l - 362140. Give u(-3).
5
Let f(z) = -z**2 + 2655*z - 546754. Calculate f(225).
-4
Let j(t) = -t**3 + 233*t**2 + 2675*t - 141. Give j(-11).
-42
Let a(i) = 47776*i + 573336. Determine a(-12).
24
Let k(h) = 7*h**2 - 260*h - 135. Give k(42).
1293
Let d(l) = 14*l**2 + 472*l + 935. Give d(-2).
47
Let q(r) = -r**3 - 127*r**2 + 25*r + 262. Give q(-127).
-2913
Let h(d) = 323*d + 13482. Determine h(-42).
-84
Let u(p) = -45*p**2 + 258*p + 96. What is u(3)?
465
Let v(c) = -c**3 - 20*c**2 + 232*c + 519. Determine v(-28).
295
Let t(v) = 14*v**2 + 4457*v - 34881. Calculate t(-326).
1
Let i(v) = -6069*v - 24008. Give i(-4).
268
Let o(r) = 27*r**2 - 544*r + 7. Calculate o(5).
-2038
Let t(i) = -1672*i + 4872. Calculate t(3).
-144
Let q(c) = 43*c**2 - 1629*c + 66. Determine q(39).
1938
Let a(b) = -100374*b + 602223. Determine a(6).
-21
Let i(k) = -5*k**2 - 176*k - 382. Determine i(-46).
-2866
Let n(u) = -2266*u + 36177. Determine n(16).
-79
Let a(y) = -86*y**2 + 2984*y + 910. Calculate a(35).
0
Let r(z) = -63*z**2 - 5160*z + 33221. Give r(6).
-7
Let n(y) = 259*y + 27063. Calculate n(-104).
127
Let s(l) = -l**3 - 128*l**2 - 72*l + 7298. Determine s(-127).
313
Let y(q) = -q**3 - q**2 + 30*q + 110. What is y(8)?
-226
Let s(c) = c**3 + 31*c**2 - 12*c + 712. Calculate s(-34).
-2348
Let h(d) = 3799*d - 345686. Calculate h(91).
23
Let b(w) = w**3 + 197*w**2 + 513*w - 13391. Calculate b(-194).
-5
Let m(h) = 19282*h**2 + 154271*h - 23. Determine m(-8).
-143
Let a(b) = -2*b**3 + 11*b**2 - 183*b + 2321. What is a(11)?
-1023
Let z(x) = 171*x**2 - 485*x - 4. Calculate z(2).
-290
Let b(h) = 3*h**3 + 66*h**2 + 252*h + 5547. What is b(-22)